{"id":175,"date":"2021-08-27T11:26:03","date_gmt":"2021-08-27T09:26:03","guid":{"rendered":"https:\/\/localhost\/margit\/?page_id=175"},"modified":"2024-09-22T10:08:11","modified_gmt":"2024-09-22T08:08:11","slug":"tem","status":"publish","type":"page","link":"https:\/\/www.margit-danninger.at\/?page_id=175","title":{"rendered":"Traditionelle Europ\u00e4ische Medizin"},"content":{"rendered":"\n<div class=\"wp-block-group\"><div class=\"wp-block-group__inner-container is-layout-flow wp-block-group-is-layout-flow\">\n<div class=\"wp-block-columns is-layout-flex wp-container-core-columns-is-layout-9d6595d7 wp-block-columns-is-layout-flex\">\n<div class=\"wp-block-column is-layout-flow wp-block-column-is-layout-flow\">\n<p>In Europa hat sich in den vergangenen 2500 Jahren eine ganzheitliche Heilkunde entwickelt, die vom m\u00fcndlich \u00fcberlieferten Wissen heilkundiger Kr\u00e4uterfrauen gepr\u00e4gt wurde, wie auch von Pers\u00f6nlichkeiten wie Hippokrates, Galenos, Avicenna, Hildegard von Bingen, Paracelsus, Sebastian Kneipp, Rudolph Steiner, Samuel Hahnemann und Edward Bach. Griechische, r\u00f6mische, arabische und indische Medizin beeinflussten einander und wirkten in der Klostermedizin und \u00fcber Gelehrte bis in unsere Zeit. Die TEM versucht jeden Menschen in seiner Ganzheit von K\u00f6rper, Seele und Geist und in seiner individuellen Konstitution zu erfassen, seine Lebensumwelt mit einzubeziehen und eine Ausgewogenheit herbeizuf\u00fchren, vor allem mit Hilfe heimischer Heilpflanzen und mineralischer Heilmittel.<\/p>\n<\/div>\n<\/div>\n<\/div><\/div>\n\n\n\n<div style=\"height:100px\" aria-hidden=\"true\" class=\"wp-block-spacer\"><\/div>\n\n\n\n<div class=\"wp-block-group alignfull has-background\" style=\"background-color:#e5e9ec\"><div class=\"wp-block-group__inner-container is-layout-flow wp-block-group-is-layout-flow\">\n<div class=\"wp-block-columns is-layout-flex wp-container-core-columns-is-layout-9d6595d7 wp-block-columns-is-layout-flex\">\n<div class=\"wp-block-column is-vertically-aligned-center is-layout-flow wp-block-column-is-layout-flow\">\n<h2 class=\"wp-block-heading\">Es ist mir ein Anliegen &#8230;<\/h2>\n\n\n\n<p>&#8230; Menschen einen Impuls zu geben, wieder zu ihren Wurzeln zur\u00fcck zu finden. Durch Stress und permanentem Leistungsdruck kann es ganz leicht passieren, sich von seiner Mitte zu entfernen. Mein Wunsch ist es, diesen Menschen zu helfen, sich wieder zu finden und einen Ansto\u00df zu geben, sich neu zu verwurzeln. <\/p>\n<\/div>\n\n\n\n<div class=\"wp-block-column is-layout-flow wp-block-column-is-layout-flow\" style=\"flex-basis:300px\">\n<div style=\"height:48px\" aria-hidden=\"true\" class=\"wp-block-spacer\"><\/div>\n\n\n\n<figure class=\"wp-block-image size-full is-style-rounded\"><img loading=\"lazy\" decoding=\"async\" width=\"1333\" height=\"2000\" src=\"https:\/\/www.margit-danninger.at\/wp-content\/uploads\/2021\/08\/front1.jpg\" alt=\"\" class=\"wp-image-246\"\/><\/figure>\n<\/div>\n<\/div>\n<\/div><\/div>\n\n\n\n<div style=\"height:100px\" aria-hidden=\"true\" class=\"wp-block-spacer\"><\/div>\n\n\n\n<h2 class=\"wp-block-heading\"><strong>Bachbl\u00fcten<\/strong><\/h2>\n\n\n\n<div class=\"wp-block-columns is-layout-flex wp-container-core-columns-is-layout-9d6595d7 wp-block-columns-is-layout-flex\">\n<div class=\"wp-block-column is-vertically-aligned-center is-layout-flow wp-block-column-is-layout-flow\" style=\"flex-basis:50%\">\n<figure class=\"wp-block-image size-large is-style-rounded\"><img loading=\"lazy\" decoding=\"async\" width=\"2560\" height=\"1920\" src=\"https:\/\/www.margit-danninger.at\/wp-content\/uploads\/2024\/09\/shutterstock_1901630776_bachblueten-edited-scaled.jpg\" alt=\"\" class=\"wp-image-816\" srcset=\"https:\/\/www.margit-danninger.at\/wp-content\/uploads\/2024\/09\/shutterstock_1901630776_bachblueten-edited-scaled.jpg 2560w, https:\/\/www.margit-danninger.at\/wp-content\/uploads\/2024\/09\/shutterstock_1901630776_bachblueten-edited-300x225.jpg 300w, https:\/\/www.margit-danninger.at\/wp-content\/uploads\/2024\/09\/shutterstock_1901630776_bachblueten-edited-1024x768.jpg 1024w, https:\/\/www.margit-danninger.at\/wp-content\/uploads\/2024\/09\/shutterstock_1901630776_bachblueten-edited-768x576.jpg 768w, https:\/\/www.margit-danninger.at\/wp-content\/uploads\/2024\/09\/shutterstock_1901630776_bachblueten-edited-1536x1152.jpg 1536w, https:\/\/www.margit-danninger.at\/wp-content\/uploads\/2024\/09\/shutterstock_1901630776_bachblueten-edited-2048x1536.jpg 2048w, https:\/\/www.margit-danninger.at\/wp-content\/uploads\/2024\/09\/shutterstock_1901630776_bachblueten-edited-2000x1500.jpg 2000w, https:\/\/www.margit-danninger.at\/wp-content\/uploads\/2024\/09\/shutterstock_1901630776_bachblueten-edited-1800x1350.jpg 1800w\" sizes=\"auto, (max-width: 2560px) 100vw, 2560px\" \/><\/figure>\n<\/div>\n\n\n\n<div class=\"wp-block-column is-layout-flow wp-block-column-is-layout-flow\" style=\"flex-basis:66.66%\">\n<p>F\u00fcr den britischen Arzt Edward Bach (1886 bis 1936) beruhte jede k\u00f6rperliche Krankheit oder Krise auf einer St\u00f6rung des seelischen Gleichgewichts. Diese St\u00f6rung entsteht, weil wir aufgrund unserer Lebensgeschichte \u201egeistige Gesetze\u201c unbewusst missverstehen (Z. B. \u201eIch muss alles ganz allein schaffen!\u201c oder \u201eIch darf nicht <em>nein<\/em> sagen!\u201c). Dadurch entstehen belastende Seelenzust\u00e4nde und destruktive Verhaltensmuster, wodurch der Zugang zu unserem intuitiven Wissen und unseren Selbstheilungskr\u00e4ften blockiert wird.<\/p>\n<\/div>\n<\/div>\n\n\n\n<p>Jede der 38 Bachbl\u00fcten unterst\u00fctzt dabei, das positive Potential bestimmter belastender und krank-machender Seelenzust\u00e4nde in uns freizusetzen: z. B. Mut, Selbstvertrauen, Entscheidungskraft usw.<\/p>\n\n\n\n<div style=\"height:100px\" aria-hidden=\"true\" class=\"wp-block-spacer\"><\/div>\n\n\n\n<div class=\"wp-block-group\"><div class=\"wp-block-group__inner-container is-layout-flow wp-block-group-is-layout-flow\">\n<h2 class=\"wp-block-heading\"><strong>Spagyrik<\/strong><\/h2>\n\n\n\n<p>Die spagyrische Arzneimittelherstellung und Therapie geht auf Paracelsus (1493\u20131541) zur\u00fcck. Durch das <em>Trennen<\/em> und <em>Wiedervereinigen<\/em> von Bestandteilen pflanzlicher und mineralischer Ausgangssubstanzen wird eine Wirkungssteigerung erzielt und unerw\u00fcnschte Nebenwirkungen werden vermieden, da durch die alchemistische Herstellung die \u201eQuintessenz\u201c der Pflanzen und Mineralien zum Einsatz kommt.<\/p>\n\n\n\n<p>F\u00fcr meine Arbeit mit Klienten verwende ich einen Testkasten mit 400 verschiedenen spagyrischen Einzel-Essenzen. Die Vorauswahl treffe ich aufgrund des Anamnese-Gespr\u00e4ches, die Endauswahl erfolgt durch kinesiologische Austestung.<\/p>\n\n\n\n<p>Ein bedeutender Teil der Heilungsarbeit besteht darin, auch die <em>emotionalen<\/em> Themen, die in einer Krankheit verborgen sind, aufzusp\u00fcren. Unterst\u00fctzt durch die spagyrischen Essenzen k\u00f6nnen diese dann bearbeitet und losgelassen werden. &#8211; Wenn Sie bereit sind, zu h\u00f6ren und anzuerkennen, was die Krankheit Ihnen sagen will, kann echte Heilung auf allen Ebenen beginnen.<\/p>\n<\/div><\/div>\n\n\n\n<div style=\"height:100px\" aria-hidden=\"true\" class=\"wp-block-spacer\"><\/div>\n\n\n\n<p>Ein wichtiges Hilfsmittel in der Traditionellen Europ\u00e4ischen Heilkunde ist die <a href=\"https:\/\/www.margit-danninger.at\/?page_id=323\" data-type=\"page\" data-id=\"323\">Iridologie<\/a>.<\/p>\n\n\n\n<div style=\"height:100px\" aria-hidden=\"true\" class=\"wp-block-spacer\"><\/div>\n","protected":false},"excerpt":{"rendered":"<p>In Europa hat sich in den vergangenen 2500 Jahren eine ganzheitliche Heilkunde entwickelt, die vom m\u00fcndlich \u00fcberlieferten Wissen heilkundiger Kr\u00e4uterfrauen gepr\u00e4gt wurde, wie auch von Pers\u00f6nlichkeiten wie Hippokrates, Galenos, Avicenna, Hildegard von Bingen, Paracelsus, Sebastian Kneipp, Rudolph Steiner, Samuel Hahnemann und Edward Bach. Griechische, r\u00f6mische, arabische und indische Medizin beeinflussten einander und wirkten in der &hellip; <\/p>\n<p class=\"link-more\"><a href=\"https:\/\/www.margit-danninger.at\/?page_id=175\" class=\"more-link\">Mehr <span class=\"screen-reader-text\">\u00fcber &#8222;Traditionelle Europ\u00e4ische Medizin&#8220; <\/span>Lesen<\/a><\/p>\n","protected":false},"author":1,"featured_media":0,"parent":0,"menu_order":0,"comment_status":"closed","ping_status":"closed","template":"","meta":{"footnotes":""},"class_list":["post-175","page","type-page","status-publish","hentry"],"_links":{"self":[{"href":"https:\/\/www.margit-danninger.at\/index.php?rest_route=\/wp\/v2\/pages\/175","targetHints":{"allow":["GET"]}}],"collection":[{"href":"https:\/\/www.margit-danninger.at\/index.php?rest_route=\/wp\/v2\/pages"}],"about":[{"href":"https:\/\/www.margit-danninger.at\/index.php?rest_route=\/wp\/v2\/types\/page"}],"author":[{"embeddable":true,"href":"https:\/\/www.margit-danninger.at\/index.php?rest_route=\/wp\/v2\/users\/1"}],"replies":[{"embeddable":true,"href":"https:\/\/www.margit-danninger.at\/index.php?rest_route=%2Fwp%2Fv2%2Fcomments&post=175"}],"version-history":[{"count":26,"href":"https:\/\/www.margit-danninger.at\/index.php?rest_route=\/wp\/v2\/pages\/175\/revisions"}],"predecessor-version":[{"id":817,"href":"https:\/\/www.margit-danninger.at\/index.php?rest_route=\/wp\/v2\/pages\/175\/revisions\/817"}],"wp:attachment":[{"href":"https:\/\/www.margit-danninger.at\/index.php?rest_route=%2Fwp%2Fv2%2Fmedia&parent=175"}],"curies":[{"name":"wp","href":"https:\/\/api.w.org\/{rel}","templated":true}]}}