{"id":720,"date":"2024-05-07T16:55:00","date_gmt":"2024-05-07T14:55:00","guid":{"rendered":"https:\/\/www.margit-danninger.at\/?page_id=720"},"modified":"2024-05-07T16:55:22","modified_gmt":"2024-05-07T14:55:22","slug":"aufklaerung","status":"publish","type":"page","link":"https:\/\/www.margit-danninger.at\/?page_id=720","title":{"rendered":"Aufkl\u00e4rung"},"content":{"rendered":"\n<p>Information zur humanenergetischen Dienstleistung:<\/p>\n\n\n\n<ul class=\"wp-block-list\">\n<li>Die energetische Hilfestellung besch\u00e4ftigt sich ausschlie\u00dflich mit der Aktivierung und<br>Harmonisierung k\u00f6rpereigener Energiefelder (Lebensenergie).<\/li>\n\n\n\n<li>Diese Ma\u00dfnahmen dienen der Wiederherstellung und Harmonisierung der<br>k\u00f6rpereigenen Energiefelder und stellen keine Heilbehandlung (Krankheitsbehandlung)<br>dar.<\/li>\n\n\n\n<li>Dementsprechend ist die energetische Hilfestellung keinerlei Ersatz f\u00fcr eine \u00e4rztliche<br>Diagnose und Behandlung sowie auch keinerlei Ersatz f\u00fcr eine psychologische oder<br>psychotherapeutische Behandlung oder Untersuchung.<\/li>\n\n\n\n<li>S\u00e4mtliche Aussagen stellen keine medizinischen Diagnosen dar, sondern sind als reine<br>energetische Zustandsbeschreibungen zu verstehen.<\/li>\n\n\n\n<li>Die Wirkungsweise und der Erfolg der energetischen Behandlung ist<br>naturwissenschaftlich nicht belegt.<\/li>\n<\/ul>\n\n\n\n<p>F\u00fcr die Diagnosestellung und die Therapie von Krankheiten wenden Sie sich bitte an einen Arzt.<\/p>\n","protected":false},"excerpt":{"rendered":"<p>Information zur humanenergetischen Dienstleistung: F\u00fcr die Diagnosestellung und die Therapie von Krankheiten wenden Sie sich bitte an einen Arzt.<\/p>\n","protected":false},"author":1,"featured_media":0,"parent":0,"menu_order":0,"comment_status":"closed","ping_status":"closed","template":"","meta":{"footnotes":""},"class_list":["post-720","page","type-page","status-publish","hentry"],"_links":{"self":[{"href":"https:\/\/www.margit-danninger.at\/index.php?rest_route=\/wp\/v2\/pages\/720","targetHints":{"allow":["GET"]}}],"collection":[{"href":"https:\/\/www.margit-danninger.at\/index.php?rest_route=\/wp\/v2\/pages"}],"about":[{"href":"https:\/\/www.margit-danninger.at\/index.php?rest_route=\/wp\/v2\/types\/page"}],"author":[{"embeddable":true,"href":"https:\/\/www.margit-danninger.at\/index.php?rest_route=\/wp\/v2\/users\/1"}],"replies":[{"embeddable":true,"href":"https:\/\/www.margit-danninger.at\/index.php?rest_route=%2Fwp%2Fv2%2Fcomments&post=720"}],"version-history":[{"count":2,"href":"https:\/\/www.margit-danninger.at\/index.php?rest_route=\/wp\/v2\/pages\/720\/revisions"}],"predecessor-version":[{"id":722,"href":"https:\/\/www.margit-danninger.at\/index.php?rest_route=\/wp\/v2\/pages\/720\/revisions\/722"}],"wp:attachment":[{"href":"https:\/\/www.margit-danninger.at\/index.php?rest_route=%2Fwp%2Fv2%2Fmedia&parent=720"}],"curies":[{"name":"wp","href":"https:\/\/api.w.org\/{rel}","templated":true}]}}